isor of p and 95?
5
Let d(r) = 2*r**3 - 5*r**2 - 3*r - 8. Let z be d(5). Let t(l) = 39*l**2 - 42*l + 132. Let u be t(3). What is the highest common factor of z and u?
51
Let t be ((-48)/(-11))/(-43 + 3800/88). Let l = 15 - -15. Calculate the highest common factor of t and l.
6
Let f be 8/(-4 - 72/(-15)). Suppose -5*a = -f*a + 600. Suppose 3*u = -2*u + 225. What is the highest common factor of u and a?
15
Suppose -91*m + 118*m - 3402 = 0. What is the greatest common factor of 168 and m?
42
Let p = -15567 - -15621. Suppose 0 = -4*k + 1660 + 284. What is the greatest common factor of k and p?
54
Let y = 6197 + -6002. Calculate the highest common divisor of 135 and y.
15
Let u = 334 + -147. Let g = u + -169. Calculate the greatest common factor of g and 12.
6
Suppose 4*j = 5*x, 0 = -45*j + 46*j - 2*x. Let v(w) = -71*w + 16. Let a be v(j). Suppose 0 = -b + 5*b - 64. What is the greatest common factor of a and b?
16
Let x = -207 + 208. Let m be (-9 - x)/(10 - 11). What is the highest common factor of 40 and m?
10
Let o(a) = a**2 + 18*a + 40. Let g be o(-15). Let r be 14 + g/(-10)*14. Calculate the highest common factor of 15 and r.
3
Let l be 16/48*(1 + 2). Let u be (-1)/(-4) + (-14)/(-8) + l. Suppose 0 = f + u*d - 15, 4*d - 51 = -5*f + d. What is the greatest common factor of f and 153?
9
Let y be (-9)/(-6)*84/(-18)*4. Let x be y + 31 + 2 + 366 + 1. Calculate the greatest common divisor of 48 and x.
12
Suppose 0 = 10*i - 6*i - 48. Let l = i + -6. Let m be 5/10*8*l. What is the highest common factor of 192 and m?
24
Suppose -13452 - 1738 = -14*d. What is the greatest common factor of 70 and d?
35
Suppose 8*l - 19 = -3. Let s(w) = w + w**2 + 3*w**l - 2*w - 3*w**2 + 2. Let r be s(-3). Calculate the highest common factor of r and 112.
14
Suppose -y + 5*h + 15 = 0, -2*h = -y + h + 15. Let l be 388 + (1 + 3 - y/3). Calculate the greatest common factor of l and 9.
9
Suppose -4*c - 22 = -5*w + 2, -c - 17 = -4*w. Suppose -93 = -w*k + 123. What is the highest common divisor of k and 9?
9
Suppose 2*q + 195 = 5*q. Let y = -148 + 153. Calculate the highest common factor of y and q.
5
Let z(n) = -30*n**3 - 114*n**2 - 6*n - 3. Let x be z(-6). Calculate the highest common factor of x and 22.
11
Let r be -5 - (-6*8/4 - -1). Suppose 2*o - 4*h + 12 = 3*o, -5*h = -4*o - 57. Let d be (r/o - 2/8) + 2. Calculate the highest common divisor of 10 and d.
1
Let n be (162 + 6 + 2)*(1 + 0). Suppose 327 = 20*s - 13. Calculate the greatest common factor of n and s.
17
Suppose 3*n + 49 = 511. Let x = 419 + -428. Let d be x/9 - (-17 - (0 + -2)). Calculate the greatest common divisor of d and n.
14
Let l(n) = -51*n**3 - 5*n**2 + 14*n - 21. Let f be l(-5). What is the greatest common factor of 3 and f?
3
Let p = 48 + -23. Let v = 693 + -683. Calculate the greatest common factor of p and v.
5
Let s = 695 + -671. Let o(q) = 2*q**3 + q**2 + 4*q - 4. Let l be o(4). What is the greatest common divisor of s and l?
12
Suppose 0 = -3*b + 5*n + 43, 0*b - 55 = -5*b + 5*n. Let c be ((-7332)/329)/(4/(-14)). Calculate the greatest common divisor of b and c.
6
Let j(n) = 2*n**3 + 19*n**2 + 19*n + 12. Let l be j(-8). Suppose -6*i - 16 = -l. Let k be ((-3)/i)/((-5)/180). What is the highest common divisor of 4 and k?
2
Let z be 356/10 + (-6)/10. Let c(v) = -38*v - 103. Let s be c(-4). Calculate the highest common factor of s and z.
7
Let m(k) = 11*k + 592. Let p be m(-22). What is the greatest common divisor of 5200 and p?
50
Suppose -27 = -3*h + 12. Let z = -531 - -565. Suppose 2*g = q - z - 63, -4*g - 376 = -4*q. What is the greatest common divisor of h and q?
13
Let n(z) = -1773*z - 5281. Let p be n(-5). Calculate the highest common divisor of 70 and p.
14
Let v(u) = u**3 + 6*u**2 + 3*u - 8. Let o be v(-5). Let w be 13/((-52)/(-24)) - o. Suppose w*j = j + 51. What is the highest common factor of 119 and j?
17
Let c(y) = 86*y**3 + 4*y**2 - 2*y - 3. Let z be c(-1). Let f = 99 + z. What is the highest common factor of 128 and f?
16
Let z be 392/24 + 3/9*2. Calculate the greatest common divisor of z and 9469.
17
Suppose -247*q - 56*q + 120897 = 0. Calculate the highest common factor of 1617 and q.
21
Let k(b) be the second derivative of 2*b**3/3 - 11*b**2/2 + b - 3. Let m be k(9). Calculate the highest common factor of 10 and m.
5
Let g = -1248 - -1839. Calculate the greatest common divisor of 3 and g.
3
Let r = 169 + -180. Let v be ((-65)/4)/(r/44). Let z(f) = 13*f**2 - f + 1. Let t be z(1). What is the greatest common factor of v and t?
13
Let p be (-2)/4*(-2 + -2). Suppose p*j - 59 = 23. Let v = j + -23. What is the highest common factor of v and 162?
18
Let o(v) = -v**2 + 11*v - 12. Let b be o(7). Suppose 0 = -4*m + b, 4*h + 63 = 7*h + 3*m. What is the greatest common factor of h and 34?
17
Suppose -r + 5*d - 146 = 0, -5*d - 94 = r + 22. Let v = r - -182. Let o = 5 + v. Calculate the highest common factor of 14 and o.
14
Let y = -9693 - -11479. Calculate the greatest common divisor of y and 190.
38
Suppose t - 16 = -3*t - 4*v, -5*t + 24 = v. Suppose b + 2*y = 143, -t*b = -2*y + 178 - 833. What is the highest common divisor of 19 and b?
19
Suppose 2*l - 2067 = -3*s, 0 = -5*l + 2*s + 2378 + 2856. Calculate the greatest common factor of 72 and l.
36
Let a be (4*-18 - 0) + 4. Let t = a - -84. Calculate the highest common factor of t and 112.
16
Let f be 2 - -2*36/(-40) - 3206/(-70). What is the highest common factor of f and 2461?
23
Suppose -4*r + 0*r + 57 = 3*v, -2*v - 64 = -3*r. Let x(a) = -a**2 - 13*a - 34. Let u = 230 + -238. Let w be x(u). What is the highest common divisor of w and r?
6
Let n = 5225 - 4665. Calculate the greatest common factor of n and 20.
20
Let l(m) = -m**3 - 14*m**2 - 42*m - 168. Let z be l(-19). Calculate the highest common divisor of 5 and z.
5
Let z be (-15 - -445)*(-6 - -4)/(-1). Let x = z + -653. What is the highest common divisor of x and 9?
9
Let t = 12887 - 9212. What is the highest common factor of 294 and t?
147
Suppose -c - 950 = -235. Let j be (36/10)/((-26)/c). Calculate the greatest common factor of 44 and j.
11
Let s be ((-1387)/380)/(-73) + 25299/20. What is the highest common factor of 1771 and s?
253
Let y be 43 + -35 - 90*((-195)/(-2))/(-5). What is the highest common factor of 215 and y?
43
Suppose 0 = -3*i + 5*s + 7440, 69*s - 7416 = -3*i + 66*s. Calculate the highest common divisor of i and 396.
99
Let h be (-2583)/(-70) - ((-55)/50 + 1). What is the greatest common divisor of 2775 and h?
37
Suppose 4032*y = 3993*y + 3822. Let c be 441 - 0*3/9. What is the highest common factor of c and y?
49
Let z = -2421 - -2423. Calculate the highest common divisor of 1082 and z.
2
Let t(y) = 13*y + 7*y**2 + 6*y**2 - 5 + 23*y - 17*y**2. Let v be t(7). Calculate the greatest common divisor of 68 and v.
17
Let r be 18/(-63) - (-632)/7. Let v = 94 - r. Suppose -81 = -v*p - 25. What is the highest common divisor of 238 and p?
14
Suppose 287 = 2*x - 5*q - 256, -q - 1300 = -5*x. Calculate the highest common factor of x and 1924.
37
Let b(v) = v**2 - 87*v + 1738. Let a be b(21). What is the greatest common divisor of a and 253?
11
Let a(f) = 75*f + 5. Let k be a(6). Let g be 1846/213*((-10)/(-4) + -1). What is the highest common divisor of g and k?
13
Let t be (9/(-21) + 6657/(-245))/((-16)/40). Calculate the highest common divisor of t and 7774.
23
Let r be 2/(-5) - (-227)/5. Let w = 40114 - 39970. What is the highest common divisor of r and w?
9
Suppose 352*l = 468*l - 430128. Calculate the highest common divisor of l and 12.
12
Suppose -u - 2*m = -26, 2*m - 52 = -22*u + 20*u. What is the highest common factor of 52 and u?
26
Suppose -5*w = 2 - 22. Let j = w + -7. Let x be (5/(-5))/(2 + j). Calculate the highest common divisor of x and 11.
1
Suppose 4*z = 4*o + 211 + 953, -2*o - 6 = 0. What is the highest common divisor of z and 180?
36
Let n(a) = 222*a + 99. Let u be n(0). Calculate the highest common divisor of u and 1221.
33
Suppose 2*l - 336 = -4*h + 528, 5*h - 4*l = 1080. Calculate the highest common divisor of 99 and h.
9
Suppose -h - 37 + 45 = 0. Let y be 1 - (11/44 + (-2)/h). Let m be 14 + -19 + y*544. Calculate the greatest common divisor of m and 49.
49
Suppose -19*h + 7398 = 3*i - 20*h, 3*h = 5*i - 12318. What is the greatest common divisor of 3 and i?
3